dred thousands digit of 279582098?
5
What is the thousands digit of 967432321?
2
What is the ten thousands digit of 71079795?
7
What is the thousands digit of 472677258?
7
What is the millions digit of 18887736?
8
What is the tens digit of 288103242?
4
What is the ten thousands digit of 2236597444?
9
What is the hundred thousands digit of 17275802?
2
What is the hundred thousands digit of 206202913?
2
What is the millions digit of 96258099?
6
What is the units digit of 134160721?
1
What is the thousands digit of 2320746114?
6
What is the hundred millions digit of 993068710?
9
What is the units digit of 5216195?
5
What is the tens digit of 355156348?
4
What is the millions digit of 1948689173?
8
What is the hundreds digit of 1300732012?
0
What is the hundreds digit of 2754581003?
0
What is the ten millions digit of 4274836470?
7
What is the thousands digit of 5078668639?
8
What is the hundred millions digit of 1675160593?
6
What is the thousands digit of 39145772?
5
What is the ten millions digit of 637805456?
3
What is the millions digit of 274742343?
4
What is the millions digit of 2039973872?
9
What is the tens digit of 502948257?
5
What is the tens digit of 67421391?
9
What is the hundred thousands digit of 2645467831?
4
What is the ten thousands digit of 1026702389?
0
What is the tens digit of 255545095?
9
What is the hundred millions digit of 9020207220?
0
What is the ten thousands digit of 47542379?
4
What is the millions digit of 648787829?
8
What is the millions digit of 39858270?
9
What is the ten thousands digit of 55087879?
8
What is the thousands digit of 86418754?
8
What is the ten thousands digit of 147118185?
1
What is the ten millions digit of 50447429?
5
What is the millions digit of 2867405817?
7
What is the units digit of 124418725?
5
What is the hundred thousands digit of 912781401?
7
What is the thousands digit of 10217668?
7
What is the millions digit of 2407243914?
7
What is the hundreds digit of 35672802?
8
What is the thousands digit of 1820761689?
1
What is the units digit of 4309859363?
3
What is the thousands digit of 36558903?
8
What is the units digit of 306215841?
1
What is the ten thousands digit of 104479405?
7
What is the hundred thousands digit of 872999612?
9
What is the ten thousands digit of 66575656?
7
What is the ten thousands digit of 53417760?
1
What is the ten millions digit of 48255387?
4
What is the hundreds digit of 1300836959?
9
What is the thousands digit of 20066901?
6
What is the ten thousands digit of 88746759?
4
What is the hundred thousands digit of 722329055?
3
What is the hundreds digit of 2822759136?
1
What is the units digit of 2323977949?
9
What is the hundred millions digit of 899550318?
8
What is the tens digit of 175678474?
7
What is the millions digit of 336146025?
6
What is the hundreds digit of 2089268103?
1
What is the billions digit of 1561588889?
1
What is the millions digit of 3238423?
3
What is the thousands digit of 19860351?
0
What is the ten thousands digit of 15095401?
9
What is the millions digit of 5915813792?
5
What is the thousands digit of 63921840?
1
What is the hundreds digit of 23167574?
5
What is the hundred millions digit of 144641242?
1
What is the units digit of 229814403?
3
What is the millions digit of 510549798?
0
What is the hundred thousands digit of 132999014?
9
What is the tens digit of 41502286?
8
What is the ten millions digit of 4389363347?
8
What is the hundred thousands digit of 494123597?
1
What is the ten thousands digit of 742686146?
8
What is the hundreds digit of 2049414674?
6
What is the thousands digit of 39846903?
6
What is the ten thousands digit of 181555762?
5
What is the hundreds digit of 8062893?
8
What is the hundred millions digit of 649757121?
6
What is the hundred thousands digit of 560110466?
1
What is the tens digit of 44213865?
6
What is the ten millions digit of 2481729798?
8
What is the hundreds digit of 36469207?
2
What is the ten millions digit of 71010657?
7
What is the hundred thousands digit of 100903699?
9
What is the tens digit of 123938516?
1
What is the ten millions digit of 2148498858?
4
What is the ten millions digit of 56048320?
5
What is the ten thousands digit of 74865638?
6
What is the millions digit of 17730184?
7
What is the millions digit of 39127834?
9
What is the ten millions digit of 883543937?
8
What is the ten millions digit of 127707138?
2
What is the ten millions digit of 795568062?
9
What is the hundred thousands digit of 241699700?
6
What is the billions digit of 2043683882?
2
What is the millions digit of 630520715?
0
What is the tens digit of 5509995273?
7
What is the hundred thousands digit of 6500736215?
7
What is the ten thousands digit of 73141551?
4
What is the millions digit of 52838347?
2
What is the ten thousands digit of 38937826?
3
What is the hundreds digit of 74126783?
7
What is the hundred thousands digit of 1222047?
2
What is the millions digit of 129859909?
9
What is the ten millions digit of 14590304?
1
What is the thousands digit of 390475274?
5
What is the ten millions digit of 651610690?
5
What is the hundreds digit of 65896216?
2
What is the ten thousands digit of 48545853?
4
What is the hundreds digit of 2707406686?
6
What is the thousands digit of 1012464029?
4
What is the tens digit of 27010237?
3
What is the ten thousands digit of 3388305837?
0
What is the hundred millions digit of 132724377?
1
What is the hundred thousands digit of 673857838?
8
What is the ten millions digit of 963201746?
6
What is the thousands digit of 128387604?
7
What is the units digit of 52306513?
3
What is the thousands digit of 23292350?
2
What is the thousands digit of 74232446?
2
What is the hundred thousands digit of 20859833?
8
What is the tens digit of 1527776915?
1
What is the hundreds digit of 214873589?
5
What is the ten millions digit of 98656402?
9
What is the millions digit of 10565404?
0
What is the units digit of 41672950?
0
What is the hundred thousands digit of 12886309?
8
What is the ten millions digit of 232916956?
3
What is the hundreds digit of 1050301410?
4
What is the ten thousands digit of 2920720250?
2
What is the tens digit of 800988584?
8
What is the ten millions digit of 126551314?
2
What is the tens digit of 1295425617?
1
What is the hundreds digit of 149731616?
6
What is the hundreds digit of 705701088?
0
What is the ten millions digit of 379010216?
7
What is the ten thousands digit of 620733178?
3
What is the units digit of 1740883764?
4
What is the millions digit of 67318481?
7
What is the tens digit of 62539515?
1
What is the hundred thousands digit of 3364758889?
7
What is the hundreds digit of 212324511?
5
What is the ten thousands digit of 1208089762?
8
What is the hundreds digit of 194232435?
4
What is the units digit of 270254880?
0
What is the tens digit of 139110612?
1
What is the hundreds digit of 91572419?
4
What is the hundred thousands digit of 23803402?
8
What is the ten thousands digit of 486034260?
3
What is the hundred thousands digit of 5953924892?
9
What is the ten thousands digit of 40828107?
2
What is the millions digit of 173820027?
3
What is the ten thousands digit of 25022528?
2
What is the ten thousands digit of 16665057?
6
What is the hundreds digit of 16791365?
3
What is the ten millions digit of 319112028?
1
What is the tens digit of 40974622?
2
What is the units digit of 1874030451?
1
What is the units digit of 36346344?
4
What is the millions digit of 181235875?
1
What is the tens digit of 3065644816?
1
What is the hundreds digit of 140817330?
3
What is the ten thousands digit of 503134675?
3
What is the hundreds digit of 288981992?
9
What is the ten millions digit of 4076419086?
7
What is the units digit of 5130738563?
3
What is the tens digit of 88321842?
4
What is the tens digit of 36927781?
8
What is the units digit of 94900205?
5
What is the millions digit of 504347834?
4
What is the hundreds digit of 3092479712?
7
What is the thousands digit of 786492025?
2
What is the ten millions digit of 1721560352?
2
What is the hundred thousands digit of 254251470?
2
What is the tens digit of 36934331?
3
What is the ten millions digit of 17112606?
1
What is the tens digit of 1709726711?
1
What is the millions digit of 563433401?
3
What is the